{"id":1152,"date":"2023-10-05T09:40:43","date_gmt":"2023-10-05T09:40:43","guid":{"rendered":"https:\/\/kvwengi.ch\/neueWebpage\/?page_id=1152"},"modified":"2024-03-21T10:46:33","modified_gmt":"2024-03-21T10:46:33","slug":"wasser","status":"publish","type":"page","link":"https:\/\/kvwengi.ch\/neueWebpage\/wasser\/","title":{"rendered":"Wasser"},"content":{"rendered":"\n<h2 class=\"wp-block-heading\">Wasser<\/h2>\n\n\n\n<div class=\"wp-block-media-text is-stacked-on-mobile\"><figure class=\"wp-block-media-text__media\"><img loading=\"lazy\" decoding=\"async\" width=\"1024\" height=\"436\" src=\"https:\/\/kvwengi.ch\/neueWebpage\/wp-content\/uploads\/2023\/10\/Wasser-1024x436.jpeg\" alt=\"\" class=\"wp-image-1155 size-full\" srcset=\"https:\/\/kvwengi.ch\/neueWebpage\/wp-content\/uploads\/2023\/10\/Wasser-1024x436.jpeg 1024w, https:\/\/kvwengi.ch\/neueWebpage\/wp-content\/uploads\/2023\/10\/Wasser-300x128.jpeg 300w, https:\/\/kvwengi.ch\/neueWebpage\/wp-content\/uploads\/2023\/10\/Wasser-768x327.jpeg 768w, https:\/\/kvwengi.ch\/neueWebpage\/wp-content\/uploads\/2023\/10\/Wasser-1536x654.jpeg 1536w, https:\/\/kvwengi.ch\/neueWebpage\/wp-content\/uploads\/2023\/10\/Wasser.jpeg 1572w\" sizes=\"auto, (max-width: 1024px) 100vw, 1024px\" \/><\/figure><div class=\"wp-block-media-text__content\">\n<p class=\"has-medium-font-size\">Die Quelle ist versiegt. Wir brauchen den Anschluss ans \u00f6rtliche Wassernetz.<\/p>\n\n\n\n<p class=\"has-medium-font-size\">Einen grossen Teil des Geldes konnten wir mit den Hundestunden und den Anl\u00e4ssen durch freiwillige Arbeit in den letzten Jahren erwirtschaften. Doch das reicht leider nicht aus.<\/p>\n<\/div><\/div>\n\n\n\n<p><\/p>\n\n\n\n<div class=\"wp-block-media-text has-media-on-the-right is-stacked-on-mobile has-white-background-color has-background\" style=\"grid-template-columns:auto 15%\"><div class=\"wp-block-media-text__content\">\n<p class=\"has-large-font-size\"><strong>Wir brauchen Ihre Unterst\u00fctzung.<\/strong><\/p>\n\n\n\n<p class=\"has-medium-font-size\"><strong>SPENDEN MIT KONTAKTANGABEN:<\/strong> <strong>CH18 0833 4514 0990 1200 3<\/strong> (Betreff Wasser angeben.)<\/p>\n\n\n\n<p class=\"has-medium-font-size\"><strong>SPENDEN OHNE KONTAKTANGABEN \u00dcBER DEN TWINT-CODE.<\/strong><\/p>\n<\/div><figure class=\"wp-block-media-text__media\"><img loading=\"lazy\" decoding=\"async\" width=\"617\" height=\"1024\" src=\"https:\/\/kvwengi.ch\/neueWebpage\/wp-content\/uploads\/2023\/10\/2023_QR_Code_Wasser-617x1024.jpg\" alt=\"\" class=\"wp-image-1156 size-full\" srcset=\"https:\/\/kvwengi.ch\/neueWebpage\/wp-content\/uploads\/2023\/10\/2023_QR_Code_Wasser-617x1024.jpg 617w, https:\/\/kvwengi.ch\/neueWebpage\/wp-content\/uploads\/2023\/10\/2023_QR_Code_Wasser-181x300.jpg 181w, https:\/\/kvwengi.ch\/neueWebpage\/wp-content\/uploads\/2023\/10\/2023_QR_Code_Wasser.jpg 711w\" sizes=\"auto, (max-width: 617px) 100vw, 617px\" \/><\/figure><\/div>\n\n\n\n<p class=\"has-medium-font-size\"><strong>Bronze:<\/strong> Spenden \u00fcber CHF 200.- werden beim Angeben der Kontaktdaten auf unserer Webpage ver\u00f6ffentlicht. <\/p>\n\n\n\n<p class=\"has-medium-font-size\"><strong>Silber:<\/strong> Spenden \u00fcber CHF 500.- werden beim Angeben der Kontaktdaten auf unserer Webpage ver\u00f6ffentlicht, werden zum Er\u00f6ffnungs-Ap\u00e9ro eingeladen und erhalten ein kleines Geschenk.<\/p>\n\n\n\n<p class=\"has-medium-font-size\"><strong>Gold:<\/strong> Spenden \u00fcber CHF 1&#8217;000.- werden beim Angeben der Kontaktdaten auf unserer Webpage ver\u00f6ffentlicht, werden zum Er\u00f6ffnungs-Ap\u00e9ro eingeladen und erhalten ein kleines Geschenk. Sie k\u00f6nnen auf unserem Areal ein Jahr lang ein Banner h\u00e4ngen.<\/p>\n\n\n\n<p class=\"has-medium-font-size\"><strong>Wir danken unseren Unterst\u00fctzern:<\/strong><\/p>\n\n\n\n<blockquote class=\"wp-block-quote is-layout-flow wp-block-quote-is-layout-flow\">\n<p class=\"has-medium-font-size\"><strong><em>Restaurant R\u00f6ssli, Biberist f\u00fcr die Gold-Spende!<\/em><\/strong><\/p>\n<\/blockquote>\n\n\n\n<blockquote class=\"wp-block-quote has-medium-font-size is-layout-flow wp-block-quote-is-layout-flow\">\n<p><\/p>\n<cite><strong>Stonetech GmbH, R\u00fcttenen f\u00fcr die Gold-Spende!<\/strong><\/cite><\/blockquote>\n\n\n\n<blockquote class=\"wp-block-quote is-layout-flow wp-block-quote-is-layout-flow\">\n<p class=\"has-medium-font-size\"><strong><em>W+H AG Ingenieure und Planer f\u00fcr die Gold-Spende!<\/em><\/strong><\/p>\n<\/blockquote>\n\n\n\n<blockquote class=\"wp-block-quote is-layout-flow wp-block-quote-is-layout-flow\">\n<p class=\"has-medium-font-size\"><strong><em>Regio Energie, Solothurn f\u00fcr die Bronze-Spende!<\/em><\/strong><\/p>\n<\/blockquote>\n\n\n\n<figure class=\"wp-block-image size-large\"><img loading=\"lazy\" decoding=\"async\" width=\"1024\" height=\"132\" src=\"https:\/\/kvwengi.ch\/neueWebpage\/wp-content\/uploads\/2023\/10\/Bildschirmfoto-2023-10-05-um-12.03.51-1024x132.png\" alt=\"\" class=\"wp-image-1164\" srcset=\"https:\/\/kvwengi.ch\/neueWebpage\/wp-content\/uploads\/2023\/10\/Bildschirmfoto-2023-10-05-um-12.03.51-1024x132.png 1024w, https:\/\/kvwengi.ch\/neueWebpage\/wp-content\/uploads\/2023\/10\/Bildschirmfoto-2023-10-05-um-12.03.51-300x39.png 300w, https:\/\/kvwengi.ch\/neueWebpage\/wp-content\/uploads\/2023\/10\/Bildschirmfoto-2023-10-05-um-12.03.51-768x99.png 768w, https:\/\/kvwengi.ch\/neueWebpage\/wp-content\/uploads\/2023\/10\/Bildschirmfoto-2023-10-05-um-12.03.51.png 1130w\" sizes=\"auto, (max-width: 1024px) 100vw, 1024px\" \/><\/figure>\n\n\n\n<hr class=\"wp-block-separator has-alpha-channel-opacity\"\/>\n\n\n\n<figure class=\"wp-block-image size-full is-resized\"><img loading=\"lazy\" decoding=\"async\" width=\"733\" height=\"84\" src=\"https:\/\/kvwengi.ch\/neueWebpage\/wp-content\/uploads\/2024\/03\/Bildschirmfoto-2024-03-21-um-11.42.22.png\" alt=\"\" class=\"wp-image-1533\" style=\"width:846px;height:auto\" srcset=\"https:\/\/kvwengi.ch\/neueWebpage\/wp-content\/uploads\/2024\/03\/Bildschirmfoto-2024-03-21-um-11.42.22.png 733w, https:\/\/kvwengi.ch\/neueWebpage\/wp-content\/uploads\/2024\/03\/Bildschirmfoto-2024-03-21-um-11.42.22-300x34.png 300w, https:\/\/kvwengi.ch\/neueWebpage\/wp-content\/uploads\/2024\/03\/Bildschirmfoto-2024-03-21-um-11.42.22-720x84.png 720w\" sizes=\"auto, (max-width: 733px) 100vw, 733px\" \/><\/figure>\n\n\n\n<p class=\"has-medium-font-size\"><strong>Stand des Projektes:<\/strong> Das Baugesuch ist bei der Gemeinde Biberist eingereicht und wurde bewilligt. Gemeinsam mit dem Planungsb\u00fcro W+H aus Biberist werden nun die genauen Offerten sowie der m\u00f6gliche Zeitraum besprochen. <\/p>\n\n\n\n<p class=\"has-medium-font-size\">Wir vom Verein sind am Spenden und Sponsoren suchen und werden an einer ausserordentlichen GV im Januar \u00fcber die Finanzen entscheiden. Wenn es klappt k\u00f6nnen wir im Fr\u00fchling \/ Sommer 2024 mit dem Bau beginnen.<\/p>\n\n\n\n<p class=\"has-medium-font-size\"><strong>Projektplan:<\/strong> Der Plan sieht von der Klubh\u00fctte entlang dem B\u00e4chlein bis unten im unteren Platz einen Graben vor. Anschliessend folgt eine Grube von welcher aus die Bohrung entlang der Autobahnausfahrt unter der Hauptstrasse durch ins Quartier erfolgt. Dort kann die Wasserleitung angeschlossen werden. Der erste Kostenvoranschlag nur f\u00fcr die Leitung lag bei CHF 110&#8217;000.-.<\/p>\n\n\n\n<p class=\"has-medium-font-size\">Die Offerten sind eingetroffen, wir ben\u00f6tigen f\u00fcr das Projekt CHF 120&#8217;000.-. Die ausserordentliche GV genehmigte das Projekt und die Kosten. Der Vertrag mit den Baufirmen ist unterzeichnet. Wir sind jedoch weiterhin auf Spenden und Sponsoring angewiesen, sonst ist unsere Vereinskasse leer.<\/p>\n","protected":false},"excerpt":{"rendered":"<p>Wasser Die Quelle ist versiegt. Wir brauchen den Anschluss ans \u00f6rtliche Wassernetz. Einen grossen Teil des Geldes konnten wir mit den Hundestunden und den Anl\u00e4ssen durch freiwillige Arbeit in den letzten Jahren erwirtschaften. Doch das reicht leider nicht aus. Wir brauchen Ihre Unterst\u00fctzung. SPENDEN MIT KONTAKTANGABEN: CH18 0833 4514 0990 1200 3 (Betreff Wasser angeben.) [&hellip;]<\/p>\n","protected":false},"author":1,"featured_media":0,"parent":0,"menu_order":0,"comment_status":"closed","ping_status":"closed","template":"templates\/fullwidth.php","meta":{"footnotes":""},"class_list":["post-1152","page","type-page","status-publish","hentry"],"yoast_head":"<!-- This site is optimized with the Yoast SEO plugin v27.4 - https:\/\/yoast.com\/product\/yoast-seo-wordpress\/ -->\n<title>Wasser - KV Wengi<\/title>\n<meta name=\"robots\" content=\"index, follow, max-snippet:-1, max-image-preview:large, max-video-preview:-1\" \/>\n<link rel=\"canonical\" href=\"https:\/\/kvwengi.ch\/neueWebpage\/wasser\/\" \/>\n<meta property=\"og:locale\" content=\"de_DE\" \/>\n<meta property=\"og:type\" content=\"article\" \/>\n<meta property=\"og:title\" content=\"Wasser - KV Wengi\" \/>\n<meta property=\"og:description\" content=\"Wasser Die Quelle ist versiegt. Wir brauchen den Anschluss ans \u00f6rtliche Wassernetz. Einen grossen Teil des Geldes konnten wir mit den Hundestunden und den Anl\u00e4ssen durch freiwillige Arbeit in den letzten Jahren erwirtschaften. Doch das reicht leider nicht aus. Wir brauchen Ihre Unterst\u00fctzung. SPENDEN MIT KONTAKTANGABEN: CH18 0833 4514 0990 1200 3 (Betreff Wasser angeben.) [&hellip;]\" \/>\n<meta property=\"og:url\" content=\"https:\/\/kvwengi.ch\/neueWebpage\/wasser\/\" \/>\n<meta property=\"og:site_name\" content=\"KV Wengi\" \/>\n<meta property=\"article:publisher\" content=\"https:\/\/facebook.com\/kvwengi\" \/>\n<meta property=\"article:modified_time\" content=\"2024-03-21T10:46:33+00:00\" \/>\n<meta property=\"og:image\" content=\"https:\/\/kvwengi.ch\/neueWebpage\/wp-content\/uploads\/2023\/10\/Wasser-1024x436.jpeg\" \/>\n<meta name=\"twitter:card\" content=\"summary_large_image\" \/>\n<meta name=\"twitter:label1\" content=\"Gesch\u00e4tzte Lesezeit\" \/>\n\t<meta name=\"twitter:data1\" content=\"2\u00a0Minuten\" \/>\n<script type=\"application\/ld+json\" class=\"yoast-schema-graph\">{\"@context\":\"https:\\\/\\\/schema.org\",\"@graph\":[{\"@type\":\"WebPage\",\"@id\":\"https:\\\/\\\/kvwengi.ch\\\/neueWebpage\\\/wasser\\\/\",\"url\":\"https:\\\/\\\/kvwengi.ch\\\/neueWebpage\\\/wasser\\\/\",\"name\":\"Wasser - KV Wengi\",\"isPartOf\":{\"@id\":\"https:\\\/\\\/kvwengi.ch\\\/neueWebpage\\\/#website\"},\"primaryImageOfPage\":{\"@id\":\"https:\\\/\\\/kvwengi.ch\\\/neueWebpage\\\/wasser\\\/#primaryimage\"},\"image\":{\"@id\":\"https:\\\/\\\/kvwengi.ch\\\/neueWebpage\\\/wasser\\\/#primaryimage\"},\"thumbnailUrl\":\"https:\\\/\\\/kvwengi.ch\\\/neueWebpage\\\/wp-content\\\/uploads\\\/2023\\\/10\\\/Wasser-1024x436.jpeg\",\"datePublished\":\"2023-10-05T09:40:43+00:00\",\"dateModified\":\"2024-03-21T10:46:33+00:00\",\"breadcrumb\":{\"@id\":\"https:\\\/\\\/kvwengi.ch\\\/neueWebpage\\\/wasser\\\/#breadcrumb\"},\"inLanguage\":\"de\",\"potentialAction\":[{\"@type\":\"ReadAction\",\"target\":[\"https:\\\/\\\/kvwengi.ch\\\/neueWebpage\\\/wasser\\\/\"]}]},{\"@type\":\"ImageObject\",\"inLanguage\":\"de\",\"@id\":\"https:\\\/\\\/kvwengi.ch\\\/neueWebpage\\\/wasser\\\/#primaryimage\",\"url\":\"https:\\\/\\\/kvwengi.ch\\\/neueWebpage\\\/wp-content\\\/uploads\\\/2023\\\/10\\\/Wasser.jpeg\",\"contentUrl\":\"https:\\\/\\\/kvwengi.ch\\\/neueWebpage\\\/wp-content\\\/uploads\\\/2023\\\/10\\\/Wasser.jpeg\",\"width\":1572,\"height\":669},{\"@type\":\"BreadcrumbList\",\"@id\":\"https:\\\/\\\/kvwengi.ch\\\/neueWebpage\\\/wasser\\\/#breadcrumb\",\"itemListElement\":[{\"@type\":\"ListItem\",\"position\":1,\"name\":\"Startseite\",\"item\":\"https:\\\/\\\/kvwengi.ch\\\/neueWebpage\\\/\"},{\"@type\":\"ListItem\",\"position\":2,\"name\":\"Wasser\"}]},{\"@type\":\"WebSite\",\"@id\":\"https:\\\/\\\/kvwengi.ch\\\/neueWebpage\\\/#website\",\"url\":\"https:\\\/\\\/kvwengi.ch\\\/neueWebpage\\\/\",\"name\":\"KV Wengi\",\"description\":\"KYNOLOGISCHER VEREIN WENGI SOLOTHURN UND UMGEBUNG\",\"publisher\":{\"@id\":\"https:\\\/\\\/kvwengi.ch\\\/neueWebpage\\\/#organization\"},\"potentialAction\":[{\"@type\":\"SearchAction\",\"target\":{\"@type\":\"EntryPoint\",\"urlTemplate\":\"https:\\\/\\\/kvwengi.ch\\\/neueWebpage\\\/?s={search_term_string}\"},\"query-input\":{\"@type\":\"PropertyValueSpecification\",\"valueRequired\":true,\"valueName\":\"search_term_string\"}}],\"inLanguage\":\"de\"},{\"@type\":\"Organization\",\"@id\":\"https:\\\/\\\/kvwengi.ch\\\/neueWebpage\\\/#organization\",\"name\":\"KV Wengi\",\"url\":\"https:\\\/\\\/kvwengi.ch\\\/neueWebpage\\\/\",\"logo\":{\"@type\":\"ImageObject\",\"inLanguage\":\"de\",\"@id\":\"https:\\\/\\\/kvwengi.ch\\\/neueWebpage\\\/#\\\/schema\\\/logo\\\/image\\\/\",\"url\":\"https:\\\/\\\/kvwengi.ch\\\/neueWebpage\\\/wp-content\\\/uploads\\\/2026\\\/03\\\/cropped-Original_Wengi-2025_klein-e1774172228317.png\",\"contentUrl\":\"https:\\\/\\\/kvwengi.ch\\\/neueWebpage\\\/wp-content\\\/uploads\\\/2026\\\/03\\\/cropped-Original_Wengi-2025_klein-e1774172228317.png\",\"width\":250,\"height\":213,\"caption\":\"KV Wengi\"},\"image\":{\"@id\":\"https:\\\/\\\/kvwengi.ch\\\/neueWebpage\\\/#\\\/schema\\\/logo\\\/image\\\/\"},\"sameAs\":[\"https:\\\/\\\/facebook.com\\\/kvwengi\"]}]}<\/script>\n<!-- \/ Yoast SEO plugin. -->","yoast_head_json":{"title":"Wasser - KV Wengi","robots":{"index":"index","follow":"follow","max-snippet":"max-snippet:-1","max-image-preview":"max-image-preview:large","max-video-preview":"max-video-preview:-1"},"canonical":"https:\/\/kvwengi.ch\/neueWebpage\/wasser\/","og_locale":"de_DE","og_type":"article","og_title":"Wasser - KV Wengi","og_description":"Wasser Die Quelle ist versiegt. Wir brauchen den Anschluss ans \u00f6rtliche Wassernetz. Einen grossen Teil des Geldes konnten wir mit den Hundestunden und den Anl\u00e4ssen durch freiwillige Arbeit in den letzten Jahren erwirtschaften. Doch das reicht leider nicht aus. Wir brauchen Ihre Unterst\u00fctzung. SPENDEN MIT KONTAKTANGABEN: CH18 0833 4514 0990 1200 3 (Betreff Wasser angeben.) [&hellip;]","og_url":"https:\/\/kvwengi.ch\/neueWebpage\/wasser\/","og_site_name":"KV Wengi","article_publisher":"https:\/\/facebook.com\/kvwengi","article_modified_time":"2024-03-21T10:46:33+00:00","og_image":[{"url":"https:\/\/kvwengi.ch\/neueWebpage\/wp-content\/uploads\/2023\/10\/Wasser-1024x436.jpeg","type":"","width":"","height":""}],"twitter_card":"summary_large_image","twitter_misc":{"Gesch\u00e4tzte Lesezeit":"2\u00a0Minuten"},"schema":{"@context":"https:\/\/schema.org","@graph":[{"@type":"WebPage","@id":"https:\/\/kvwengi.ch\/neueWebpage\/wasser\/","url":"https:\/\/kvwengi.ch\/neueWebpage\/wasser\/","name":"Wasser - KV Wengi","isPartOf":{"@id":"https:\/\/kvwengi.ch\/neueWebpage\/#website"},"primaryImageOfPage":{"@id":"https:\/\/kvwengi.ch\/neueWebpage\/wasser\/#primaryimage"},"image":{"@id":"https:\/\/kvwengi.ch\/neueWebpage\/wasser\/#primaryimage"},"thumbnailUrl":"https:\/\/kvwengi.ch\/neueWebpage\/wp-content\/uploads\/2023\/10\/Wasser-1024x436.jpeg","datePublished":"2023-10-05T09:40:43+00:00","dateModified":"2024-03-21T10:46:33+00:00","breadcrumb":{"@id":"https:\/\/kvwengi.ch\/neueWebpage\/wasser\/#breadcrumb"},"inLanguage":"de","potentialAction":[{"@type":"ReadAction","target":["https:\/\/kvwengi.ch\/neueWebpage\/wasser\/"]}]},{"@type":"ImageObject","inLanguage":"de","@id":"https:\/\/kvwengi.ch\/neueWebpage\/wasser\/#primaryimage","url":"https:\/\/kvwengi.ch\/neueWebpage\/wp-content\/uploads\/2023\/10\/Wasser.jpeg","contentUrl":"https:\/\/kvwengi.ch\/neueWebpage\/wp-content\/uploads\/2023\/10\/Wasser.jpeg","width":1572,"height":669},{"@type":"BreadcrumbList","@id":"https:\/\/kvwengi.ch\/neueWebpage\/wasser\/#breadcrumb","itemListElement":[{"@type":"ListItem","position":1,"name":"Startseite","item":"https:\/\/kvwengi.ch\/neueWebpage\/"},{"@type":"ListItem","position":2,"name":"Wasser"}]},{"@type":"WebSite","@id":"https:\/\/kvwengi.ch\/neueWebpage\/#website","url":"https:\/\/kvwengi.ch\/neueWebpage\/","name":"KV Wengi","description":"KYNOLOGISCHER VEREIN WENGI SOLOTHURN UND UMGEBUNG","publisher":{"@id":"https:\/\/kvwengi.ch\/neueWebpage\/#organization"},"potentialAction":[{"@type":"SearchAction","target":{"@type":"EntryPoint","urlTemplate":"https:\/\/kvwengi.ch\/neueWebpage\/?s={search_term_string}"},"query-input":{"@type":"PropertyValueSpecification","valueRequired":true,"valueName":"search_term_string"}}],"inLanguage":"de"},{"@type":"Organization","@id":"https:\/\/kvwengi.ch\/neueWebpage\/#organization","name":"KV Wengi","url":"https:\/\/kvwengi.ch\/neueWebpage\/","logo":{"@type":"ImageObject","inLanguage":"de","@id":"https:\/\/kvwengi.ch\/neueWebpage\/#\/schema\/logo\/image\/","url":"https:\/\/kvwengi.ch\/neueWebpage\/wp-content\/uploads\/2026\/03\/cropped-Original_Wengi-2025_klein-e1774172228317.png","contentUrl":"https:\/\/kvwengi.ch\/neueWebpage\/wp-content\/uploads\/2026\/03\/cropped-Original_Wengi-2025_klein-e1774172228317.png","width":250,"height":213,"caption":"KV Wengi"},"image":{"@id":"https:\/\/kvwengi.ch\/neueWebpage\/#\/schema\/logo\/image\/"},"sameAs":["https:\/\/facebook.com\/kvwengi"]}]}},"_links":{"self":[{"href":"https:\/\/kvwengi.ch\/neueWebpage\/wp-json\/wp\/v2\/pages\/1152","targetHints":{"allow":["GET"]}}],"collection":[{"href":"https:\/\/kvwengi.ch\/neueWebpage\/wp-json\/wp\/v2\/pages"}],"about":[{"href":"https:\/\/kvwengi.ch\/neueWebpage\/wp-json\/wp\/v2\/types\/page"}],"author":[{"embeddable":true,"href":"https:\/\/kvwengi.ch\/neueWebpage\/wp-json\/wp\/v2\/users\/1"}],"replies":[{"embeddable":true,"href":"https:\/\/kvwengi.ch\/neueWebpage\/wp-json\/wp\/v2\/comments?post=1152"}],"version-history":[{"count":44,"href":"https:\/\/kvwengi.ch\/neueWebpage\/wp-json\/wp\/v2\/pages\/1152\/revisions"}],"predecessor-version":[{"id":1539,"href":"https:\/\/kvwengi.ch\/neueWebpage\/wp-json\/wp\/v2\/pages\/1152\/revisions\/1539"}],"wp:attachment":[{"href":"https:\/\/kvwengi.ch\/neueWebpage\/wp-json\/wp\/v2\/media?parent=1152"}],"curies":[{"name":"wp","href":"https:\/\/api.w.org\/{rel}","templated":true}]}}